s 132 + 100?
232
In base 9, what is -85 + -278?
-374
In base 7, what is 14233 + -3?
14230
In base 7, what is 3 - 31456?
-31453
In base 5, what is 220 + -4?
211
In base 7, what is 1 + 102?
103
In base 13, what is 1b - 148?
-12a
In base 5, what is 11424 - 4?
11420
In base 10, what is 46 - -50?
96
In base 12, what is 769 - 1?
768
In base 2, what is 111 + 1001001?
1010000
In base 11, what is 44 - 14?
30
In base 13, what is -368 - 0?
-368
In base 12, what is -2 + 57a?
578
In base 7, what is -1 + -16360?
-16361
In base 11, what is -11482 + -4?
-11486
In base 16, what is bc5 + 1?
bc6
In base 8, what is 3 - 722?
-717
In base 12, what is -79b + -4?
-7a3
In base 14, what is -2 + -52?
-54
In base 9, what is 5 - 10?
-4
In base 14, what is 5 - -b?
12
In base 13, what is 1a + -128?
-10b
In base 5, what is -3 - -2413?
2410
In base 10, what is -9 - -415?
406
In base 3, what is 21012 + 222?
22011
In base 10, what is -15 + -7?
-22
In base 14, what is -2 + -337?
-339
In base 14, what is 3 - 6c0?
-6bb
In base 16, what is 5 + 0?
5
In base 9, what is 1 + 36?
37
In base 2, what is -100 - -10101111?
10101011
In base 4, what is 1332 - 1?
1331
In base 8, what is -5 - -2?
-3
In base 10, what is 149 + 8?
157
In base 7, what is -1 - 5341?
-5342
In base 5, what is -2 + 20?
13
In base 3, what is -202 + 2?
-200
In base 7, what is 24 + -13?
11
In base 10, what is -341 - -3?
-338
In base 3, what is 110201002 - -12?
110201021
In base 15, what is -2b - -5?
-26
In base 12, what is -4b + -8?
-57
In base 16, what is -4 + -1e6?
-1ea
In base 12, what is -278 - -2?
-276
In base 13, what is 6535 + 1?
6536
In base 11, what is 5 - 1aa?
-1a5
In base 15, what is -373a + 3?
-3737
In base 16, what is -89 + -4?
-8d
In base 7, what is -3 - 113?
-116
In base 6, what is -1 + 211?
210
In base 4, what is -1 - 11?
-12
In base 4, what is -131 - 11?
-202
In base 4, what is 10002 - 11?
3331
In base 4, what is -112032 - -3?
-112023
In base 15, what is 957 - 5?
952
In base 2, what is 11 + -1001101?
-1001010
In base 10, what is -2397 - 1?
-2398
In base 4, what is -12020 + 12?
-12002
In base 3, what is 10 + 2202?
2212
In base 11, what is -4 - -6?
2
In base 16, what is 6b + 3?
6e
In base 6, what is 55 + 13?
112
In base 3, what is -201211 + -2002?
-210220
In base 15, what is -73 + -1?
-74
In base 9, what is 4 + 115?
120
In base 14, what is -3b6 + -2?
-3b8
In base 14, what is 81 + -3?
7c
In base 5, what is 2 - 2032?
-2030
In base 12, what is -2 - -74?
72
In base 11, what is -2 - -29?
27
In base 7, what is -3541 + -5?
-3546
In base 5, what is 220004 - 3?
220001
In base 9, what is 7 + -521?
-513
In base 16, what is 1 - a?
-9
In base 15, what is -2bb + 1?
-2ba
In base 15, what is 12 + -4c?
-3a
In base 9, what is 2 + 5088?
5101
In base 3, what is 1 + -20110?
-20102
In base 11, what is -103 + -51?
-154
In base 9, what is -248 + 1?
-247
In base 16, what is 5 + -ff?
-fa
In base 16, what is -1 + 25?
24
In base 16, what is 29 - -79?
a2
In base 15, what is -2 - 6?
-8
In base 13, what is -1 + 130?
12c
In base 4, what is 1320 - 2011?
-31
In base 10, what is 29 - 23?
6
In base 8, what is 71 - 0?
71
In base 13, what is -b3 - 3a?
-120
In base 5, what is 4 - 10420?
-10411
In base 15, what is 4 - b?
-7
In base 5, what is 3024 + 3?
3032
In base 3, what is 10102 - -1212?
12021
In base 15, what is -a4 - 0?
-a4
In base 16, what is 6f + 1?
70
In base 7, what is 5 + -360?
-352
In base 2, what is 111 + -11011?
-10100
In base 12, what is -17 + 35?
1a
In base 4, what is 22213 - 0?
22213
In base 11, what is 5 - -8?
12
In base 5, what is 12044 - 3?
12041
In base 4, what is 102321 - 10?
102311
In base 16, what is 0 + -6d?
-6d
In base 2, what is 10000110 - -1011?
10010001
In base 7, what is -1133 - -2?
-1131
In base 7, what is 653 + -2?
651
In base 9, what is 21 - -2?
23
In base 3, what is 2000001000 - 11?
2000000212
In base 7, what is 60 - -3?
63
In base 3, what is 0 + -11010?
-11010
In base 12, what is 3 + 2a?
31
In base 10, what is -5 - 1361?
-1366
In base 8, what is 16232 + -1?
16231
In base 4, what is -231 + 133?
-32
In base 2, what is -1010011 - -11?
-1010000
In base 11, what is -a + -8?
-17
In base 2, what is 1011111 - -10?
1100001
In base 4, what is 1333 + -1?
1332
In base 16, what is 0 + 29?
29
In base 10, what is -1 + 33?
32
In base 15, what is 26 + 5?
2b
In base 16, what is 68 - 12?
56
In base 14, what is -7 + -351?
-358
In base 3, what is 1102 + -11100?
-2221
In base 10, what is 5 - 3087?
-3082
In base 3, what is -202001 + 101?
-201200
In base 14, what is -36 - -2?
-34
In base 13, what is 7 - 1a?
-13
In base 12, what is -8 + b?
3
In base 13, what is 4 + 1659?
1660
In base 10, what is -2 + 127?
125
In base 15, what is 53 - 15?
3d
In base 4, what is 10 + 1103212?
1103222
In base 7, what is 12453 - 0?
12453
In base 8, what is -1 + 146?
145
In base 8, what is -16 - 507?
-525
In base 11, what is -2202 + -2?
-2204
In base 8, what is 55 + -306?
-231
In base 2, what is 10 + -1010001?
-1001111
In base 11, what is 1a5 + a?
204
In base 13, what is 3 + -140?
-13a
In base 3, what is -101200222 + -11?
-101201010
In base 9, what is -1600 + 4?
-1585
In base 8, what is -5 + -122?
-127
In base 4, what is 20 + -221?
-201
In base 4, what is -10 - -21322?
21312
In base 11, what is -734 - -3?
-731
In base 14, what is -1 - 8?
-9
In base 16, what is -60a + 4?
-606
In base 16, what is -4 + 48?
44
In base 8, what is -1034 + 4?
-1030
In base 16, what is -17 - -3?
-14
In base 6, what is -131 - 50?
-221
In base 3, what is 100 + -12211?
-12111
In base 12, what is 2 - 190?
-18a
In base 8, what is -1 + 6?
5
In base 7, what is -120 - 4?
-124
In base 10, what is -5 + 2127?
2122
In base 13, what is 117 + -6?
111
In base 5, what is -4 - 121?
-130
In base 7, what is -6 - -505?
466
In base 8, what is 4 + 66?
72
In base 16, what is 5 - 6c?
-67
In base 3, what is 1221022 - 12?
1221010
In base 11, what is -100 + -2?
-102
In base 11, what is -1 + -33?
-34
In base 3, what is 121 + 0?
121
In base 4, what is -203211 - 11?
-203222
In base 4, what is -312 + -310?
-1222
In base 6, what is 3 + -2215?
-2212
In base 11, what is 27 + 131?
158
In base 13, what is 5 + 24?
29
In base 16, what is -3ff - 0?
-3ff
In base 7, what is 1 + -6?
-5
In base 3, what is -2 + 100100?
100021
In base 12, what is 249 + -1?
248
In base 12, what is 4 - -53?
57
In base 12, what is 5 - 144?
-13b
In base 4, what is -1 - -322?
321
In base 2, what is 10 - 11010100?
-11010010
In base 5, what is 113 - -4?
122
In base 11, what is -1688 + -4?
-1691
In base 8, what is -1 - 540?
-541
In base 14, what is 5 + -d?
-8
In base 2, what is 1010010 + 1100?
1011110
In base 16, what is -129f + -5?
-12a4
In base 13, what is -156 + -3?
-159
In base 12, what is -14 + 16?
2
In base 9, what is 58 - 2?
56
In base 8, what is 54547 - -1?
54550
In base 2, what is 11110 + 1100110001?
1101001111
In base 15, what is -45 - 3?
-48
In base 5, what is 22442 - -1?
22443
In base 3, what is 122210 - -212?
200122
In base 5, what is -12 + -120?
-132
In base 8, what is 1 + -43?
-42
In base 11, what is -2117 + 3?
-2114
In base 3, what is -22 - 200002?
-200101
In base 9, what is 888 - -26?
1025
In base 16, what is -2 - 23?
-25
In base 4, what is 301013 - 2?
301011
In base 16, what is -17 + -1?
-18
In base 6, what is -24 + -104?
-132
In base 12, what is 6 + -38?
-32
In base 7, what is -111 + -4?
-115
In base 11, what is 3 + -408?
-405
In base 14, what is 1b - -9?
26
In base 12, what is -174 - 5?
-179
In base 13, what is -5 + -23?
-28
In base 13, what is -2 + 13?
11
In base 6, what is 0 - -21?
21
In base 9, what is 81 - 1?
80
In base 9, what is 584 + -2?
582
In base 15, what is -24 + 68?
44
In base 12, what is -3a23 + 0?
-3a23
In base 4, what is 3 + 13?
22
In base 13, what is -3 - 10a6?
-10a9
In base 14, what is 2 + -5?
-3
In base 7, what is -21 - 11?
-32
In base 2, what is -1011 - 100110011?
-100111110
In base 12, what is -2 + 88?
86
In base 3, what is 2200 + 10201?
20101
In base 9, what is -448 - -27?
-421
In base 4, what is 0 - 10112?
-10112
In base 12, what is 17 - -71?
88
In base 9, what is 4 + 114?
118
In base 3, what is -2 - 2201?
-2210
In base 10, what is -2 + 123?
121
In base 6, what is 155 + -55?
100
In base 6, what is -131 - 23?
-154
In base 14, what is 3 - 2c46?
-2c43
In base 10, what is 575 - -1?
576
In base 12, what is -30 +